ide 32376?
False
Is 36 a multiple of 9?
True
Does 34 divide 2191?
False
Is 36 a factor of 7899?
False
Is 14 a factor of 294?
True
Is 9 a factor of 354?
False
Does 64 divide 69184?
True
Does 24 divide 2016?
True
Does 121 divide 1803?
False
Does 12 divide 3046?
False
Is 50 a factor of 44000?
True
Does 18 divide 3034?
False
Is 1525 a multiple of 92?
False
Does 63 divide 10584?
True
Does 24 divide 18406?
False
Is 62 a factor of 2705?
False
Does 50 divide 1350?
True
Is 66 a multiple of 66?
True
Does 29 divide 1015?
True
Is 30 a factor of 2559?
False
Is 17928 a multiple of 24?
True
Does 5 divide 286?
False
Is 37 a factor of 1819?
False
Is 1053 a multiple of 16?
False
Is 12 a factor of 60504?
True
Is 18865 a multiple of 11?
True
Is 8925 a multiple of 9?
False
Is 312 a multiple of 24?
True
Is 8501 a multiple of 15?
False
Is 325 even?
False
Is 12798 a multiple of 7?
False
Is 2 a factor of 54?
True
Does 45 divide 45?
True
Is 22184 a multiple of 59?
True
Does 3 divide 1173?
True
Is 36 a factor of 4552?
False
Does 74 divide 21386?
True
Is 8 a factor of 1215?
False
Does 102 divide 2914?
False
Is 2 a factor of 68?
True
Is 173 a factor of 19203?
True
Does 4 divide 840?
True
Is 670 a multiple of 73?
False
Does 30 divide 7770?
True
Is 44334 a multiple of 134?
False
Does 48 divide 384?
True
Does 169 divide 158860?
True
Does 88 divide 5497?
False
Is 463 a multiple of 12?
False
Does 31 divide 10850?
True
Is 28977 a multiple of 61?
False
Is 8910 a multiple of 22?
True
Is 2594 a multiple of 83?
False
Is 21 a factor of 383?
False
Is 1917 a multiple of 27?
True
Is 924 a multiple of 33?
True
Does 22 divide 19448?
True
Is 9 a factor of 397?
False
Is 79 a factor of 1264?
True
Does 11 divide 1815?
True
Does 36 divide 4644?
True
Does 32 divide 731?
False
Is 3461 a multiple of 8?
False
Is 330 a multiple of 11?
True
Is 18 a factor of 188?
False
Does 19 divide 1794?
False
Is 13 a factor of 32?
False
Is 21 a factor of 324?
False
Is 16 a factor of 65670?
False
Is 276 a multiple of 3?
True
Does 33 divide 475?
False
Is 16 a factor of 21792?
True
Is 360 a factor of 49320?
True
Does 28 divide 44799?
False
Is 131 a factor of 15982?
True
Is 49 a factor of 853?
False
Does 79 divide 1931?
False
Does 9 divide 79959?
False
Is 422 a multiple of 31?
False
Is 113 a factor of 18532?
True
Is 400 a multiple of 20?
True
Is 9 a factor of 3981?
False
Does 25 divide 15110?
False
Is 45 a factor of 1545?
False
Does 33 divide 231?
True
Is 27 a multiple of 27?
True
Does 10 divide 4607?
False
Does 15 divide 570?
True
Is 14 a factor of 2520?
True
Is 5 a factor of 794?
False
Is 2268 a multiple of 14?
True
Is 2035 a multiple of 55?
True
Is 3 a factor of 3981?
True
Is 3302 a multiple of 2?
True
Is 7 a factor of 1932?
True
Is 175 a factor of 16509?
False
Does 7 divide 560?
True
Is 6512 a multiple of 11?
True
Is 1600 a multiple of 68?
False
Is 126 a factor of 1512?
True
Is 1950 a multiple of 13?
True
Is 42028 a multiple of 19?
True
Does 17 divide 12163?
False
Is 8023 a multiple of 28?
False
Is 10868 a multiple of 21?
False
Is 72423 a multiple of 78?
False
Is 453 a multiple of 3?
True
Does 10 divide 190?
True
Is 107 a factor of 65805?
True
Does 85 divide 30770?
True
Does 10 divide 6276?
False
Is 5408 a multiple of 104?
True
Does 3 divide 53?
False
Is 12 a factor of 5254?
False
Is 1165 a multiple of 5?
True
Is 1244 a multiple of 13?
False
Does 57 divide 342?
True
Is 10 a factor of 204?
False
Does 40 divide 1379?
False
Is 7 a factor of 63?
True
Is 191 a multiple of 10?
False
Is 330 a multiple of 5?
True
Does 108 divide 7020?
True
Does 2 divide 225?
False
Is 619 a multiple of 17?
False
Is 5230 a multiple of 109?
False
Is 15 a factor of 49725?
True
Is 1728 a multiple of 4?
True
Is 40 a factor of 761?
False
Is 1217 a multiple of 120?
False
Is 10049 a multiple of 112?
False
Is 19 a factor of 743?
False
Is 32256 a multiple of 18?
True
Does 10 divide 281?
False
Does 16 divide 560?
True
Does 7 divide 4998?
True
Is 18 a factor of 47448?
True
Is 460 a multiple of 8?
False
Is 51 a factor of 1137?
False
Does 115 divide 29785?
True
Is 227 a factor of 49032?
True
Is 1003 a multiple of 59?
True
Is 650 a multiple of 65?
True
Is 134 a factor of 8174?
True
Is 8 a factor of 3838?
False
Is 13 a factor of 873?
False
Does 88 divide 8444?
False
Is 62975 a multiple of 215?
False
Is 1066 a multiple of 31?
False
Does 6 divide 36566?
False
Does 94 divide 56809?
False
Does 8 divide 6712?
True
Is 31960 a multiple of 21?
False
Is 11 a factor of 2730?
False
Is 195 a multiple of 15?
True
Is 990 a multiple of 33?
True
Is 32 a factor of 128?
True
Is 129 a multiple of 43?
True
Is 41 a multiple of 3?
False
Is 1998 a multiple of 74?
True
Is 7 a factor of 56?
True
Is 193 a factor of 34161?
True
Is 6 a factor of 17?
False
Does 276 divide 112451?
False
Does 8 divide 183?
False
Does 195 divide 88140?
True
Does 15 divide 2160?
True
Is 10001 a multiple of 45?
False
Does 5 divide 223?
False
Does 3 divide 465?
True
Does 97 divide 776?
True
Does 137 divide 42744?
True
Does 12 divide 828?
True
Is 215 a factor of 176085?
True
Is 87958 a multiple of 13?
True
Is 5 a factor of 20?
True
Is 647 a multiple of 35?
False
Does 36 divide 76?
False
Does 11 divide 8261?
True
Is 1264 a multiple of 4?
True
Is 360 a multiple of 18?
True
Does 12 divide 1101?
False
Is 27 a factor of 3179?
False
Does 13 divide 17648?
False
Does 30 divide 930?
True
Does 39 divide 224?
False
Is 6039 a multiple of 183?
True
Is 6 a factor of 294?
True
Is 94 a multiple of 46?
False
Does 28 divide 1428?
True
Does 24 divide 696?
True
Is 51 a factor of 39882?
True
Does 16 divide 1152?
True
Is 2479 a multiple of 25?
False
Is 112 a multiple of 15?
False
Does 48 divide 7185?
False
Is 243 a multiple of 14?
False
Does 8 divide 2435?
False
Is 14 a factor of 90538?
True
Is 134 a factor of 1970?
False
Is 2175 a multiple of 25?
True
Does 36 divide 13248?
True
Does 16 divide 34?
False
Is 19296 a multiple of 16?
True
Is 3769 a multiple of 6?
False
Is 4 a factor of 20020?
True
Does 12 divide 20258?
False
Does 94 divide 1663?
False
Does 77 divide 967?
False
Is 18472 a multiple of 46?
False
Does 11 divide 24838?
True
Does 39 divide 6747?
True
Does 69 divide 181288?
False
Is 35 a factor of 630?
True
Is 2845 a multiple of 52?
False
Does 18 divide 4770?
True
Is 9 a factor of 1898?
False
Is 167 a factor of 3507?
True
Does 36 divide 1195?
False
Is 9494 a multiple of 101?
True
Is 75851 a multiple of 98?
False
Is 18207 a multiple of 21?
True
Is 705 even?
False
Is 16 a factor of 704?
True
Does 201 divide 8040?
True
Is 466 a multiple of 2?
True
Is 64 a factor of 2816?
True
Is 926 a multiple of 8?
False
Does 3 divide 2370?
True
Does 225 divide 11475?
True
Is 6 a factor of 5811?
False
Is 238 a multiple of 17?
True
Is 57 a multiple of 4?
False
Is 24 a factor of 366?
False
Is 14 a factor of 48710?
False
Is 1120 a multiple of 112?
True
Is 65 a factor of 494?
False
Is 64 a factor of 14674?
False
Does 18 divide 882?
True
Does 17 divide 13071?
False
Does 20 divide 263?
False
Does 5 divide 7291?
False
Does 75 divide 2625?
True
Is 78 a multiple of 2?
True
Is 7867 a multiple of 201?
False
Is 4878 a multiple of 85?
False
Is 4842 a multiple of 18?
True
Is 2632 a multiple of 7?
True
Does 11 divide 1001?
True
Does 71 divide 3124?
True
Does 7 divide 3220?
True
Is 67 a factor of 8978?
True
Is 4 a factor of 1072?
True
Is 23100 a multiple of 66?
True
Does 17 divide 526?
False
Does 237 divide 19434?
True
Is 1400 a multiple of 2?
True
Is 211 a factor of 6930?
False
Is 1330 a multiple of 36?
False
Is 430 a multiple of 10?
True
Is 46617 a multiple of 16?
False
Is 774 a multiple of 35?
False
Is 940 a multiple of 20?
True
Is 25 a factor of 18642?
False
Is 415 a multiple of 5?
True
Is 240 a factor of 98400?
True
Is 436 a multiple of 4?
True
Does 112 divide 3182?
False
Does 5 divide 150?
True
Is 48 a factor of 2736?
True
Is 19 a factor of 565?
False
Is 29 a factor of 697?
False
Is 67969 a multiple of 96?
False
Is 45420 a multiple of 12?
True
Is 396 a multiple of 36?
True
Is 51 a factor of 2415?
False
Is 5056 a multiple of 14?
False
Does 139 divide 5012?
False
Is 8 a factor of 1912?
True
Is 37 a factor of 222?
True
Is 38 a factor of 570?
True
Is 89 a factor of 979?
True
Does 6 divide 828?
True
Is 10 a factor of 3404?
False
Does 7 divide 215?
F